{"id":113,"date":"2022-01-22T12:32:55","date_gmt":"2022-01-22T11:32:55","guid":{"rendered":"https:\/\/www.gewerbeimmo-ulm.de\/wordpress\/?page_id=113"},"modified":"2023-11-17T11:48:29","modified_gmt":"2023-11-17T10:48:29","slug":"kontakt","status":"publish","type":"page","link":"https:\/\/www.gewerbeimmo-ulm.de\/wordpress\/kontakt\/","title":{"rendered":"Kontakt"},"content":{"rendered":"\n<p><strong>Sch\u00f6n, dass Sie Kontakt aufnehmen wollen!<\/strong><br><br>Ich freue mich \u00fcber eine Nachricht von Ihnen. <br>Sagen oder schreiben Sie mir gerne, wie ich Sie unterst\u00fctzen kann.<br><\/p>\n\n\n\n<figure class=\"wp-block-image size-large is-resized is-style-rounded\"><img src=\"https:\/\/www.gewerbeimmo-ulm.de\/wordpress\/wp-content\/uploads\/2023\/11\/klaus_neu2-768x1024.jpg\" alt=\"\" class=\"wp-image-146\" width=\"250\" srcset=\"https:\/\/www.gewerbeimmo-ulm.de\/wordpress\/wp-content\/uploads\/2023\/11\/klaus_neu2-768x1024.jpg 768w, https:\/\/www.gewerbeimmo-ulm.de\/wordpress\/wp-content\/uploads\/2023\/11\/klaus_neu2-225x300.jpg 225w, https:\/\/www.gewerbeimmo-ulm.de\/wordpress\/wp-content\/uploads\/2023\/11\/klaus_neu2-1152x1536.jpg 1152w, https:\/\/www.gewerbeimmo-ulm.de\/wordpress\/wp-content\/uploads\/2023\/11\/klaus_neu2-1536x2048.jpg 1536w, https:\/\/www.gewerbeimmo-ulm.de\/wordpress\/wp-content\/uploads\/2023\/11\/klaus_neu2-scaled.jpg 1920w\" sizes=\"(max-width: 768px) 100vw, 768px\" \/><\/figure>\n\n\n\n<p>Herr<strong> Klaus Abele<\/strong><br>Ludwigstrasse 11<br>89231 Neu-Ulm<br><img loading=\"lazy\" height=\"18\" width=\"24\" src=\"https:\/\/www.gewerbeimmo-ulm.de\/Images\/mail3.png\"><a href=\"mailto:info@gewerbeimmo-ulm.de\">\u00a0info@gewerbeimmo-ulm.de<\/a><br><img loading=\"lazy\" height=\"18\" width=\"24\" src=\"https:\/\/www.gewerbeimmo-ulm.de\/Images\/telefon3.png\"><a href=\"tel:+491709269558\">\u00a0+49 170 926 95 58 (Mobil)<\/a><br><img loading=\"lazy\" height=\"18\" width=\"24\" src=\"https:\/\/www.gewerbeimmo-ulm.de\/Images\/telefon3.png\"> <a href=\"tel:+497312506232\">+49 731 250 62 32<br>Telefax: +49 731 250 73 16\u00a0<\/a><\/p>\n","protected":false},"excerpt":{"rendered":"<p>Sch\u00f6n, dass Sie Kontakt aufnehmen wollen! Ich freue mich \u00fcber eine Nachricht von Ihnen. Sagen oder schreiben Sie mir gerne, wie ich Sie unterst\u00fctzen kann.&hellip;<\/p>\n","protected":false},"author":1,"featured_media":0,"parent":0,"menu_order":0,"comment_status":"closed","ping_status":"closed","template":"","meta":[],"aioseo_notices":[],"_links":{"self":[{"href":"https:\/\/www.gewerbeimmo-ulm.de\/wordpress\/wp-json\/wp\/v2\/pages\/113"}],"collection":[{"href":"https:\/\/www.gewerbeimmo-ulm.de\/wordpress\/wp-json\/wp\/v2\/pages"}],"about":[{"href":"https:\/\/www.gewerbeimmo-ulm.de\/wordpress\/wp-json\/wp\/v2\/types\/page"}],"author":[{"embeddable":true,"href":"https:\/\/www.gewerbeimmo-ulm.de\/wordpress\/wp-json\/wp\/v2\/users\/1"}],"replies":[{"embeddable":true,"href":"https:\/\/www.gewerbeimmo-ulm.de\/wordpress\/wp-json\/wp\/v2\/comments?post=113"}],"version-history":[{"count":3,"href":"https:\/\/www.gewerbeimmo-ulm.de\/wordpress\/wp-json\/wp\/v2\/pages\/113\/revisions"}],"predecessor-version":[{"id":148,"href":"https:\/\/www.gewerbeimmo-ulm.de\/wordpress\/wp-json\/wp\/v2\/pages\/113\/revisions\/148"}],"wp:attachment":[{"href":"https:\/\/www.gewerbeimmo-ulm.de\/wordpress\/wp-json\/wp\/v2\/media?parent=113"}],"curies":[{"name":"wp","href":"https:\/\/api.w.org\/{rel}","templated":true}]}}